). Let s be -6*(q - 11)/2. Suppose -4*a + 5*x + 39 = 0, -a - 5*x = 5 + 4. Calculate the greatest common divisor of a and s.
6
Let q = 44 + -8. Let y be (-1)/((q/(-88))/9). What is the greatest common factor of y and 22?
22
Let z be (-2)/6 - (-1832)/24. What is the greatest common divisor of z and 57?
19
Let n = -583 + 718. What is the greatest common factor of n and 5?
5
Let j(d) = d**2 + 5*d + 6. Let q be j(-5). Let c be (-4)/5 + 548/10. What is the greatest common factor of q and c?
6
Suppose 0 = o + 4*b - 38, -2*o + 110 = 2*o + 2*b. What is the highest common divisor of o and 65?
13
Let m be (-2)/(24/156) - -43. Let j(i) = 329*i**2 + 2*i - 1. Let a be j(1). What is the highest common divisor of a and m?
30
Suppose 5*g + 0 = 30. Let d be 16*2/(16/g). Let p be (-2)/(d/9 + -2). Calculate the highest common factor of 12 and p.
3
Suppose 0 = -2*y - 2*c - 16, 5*y = -3*c - 43 - 7. Let w = y + 53. What is the highest common factor of w and 20?
20
Let c be 2/8*(3 - -1). Let i = 1755 + -1746. What is the greatest common divisor of c and i?
1
Let d(x) = 0*x - 6*x + 10*x**2 - x**3 + 6 + x - x. Let z be d(9). What is the highest common factor of z and 3?
3
Let m = -788 + 798. Calculate the greatest common divisor of 335 and m.
5
Let z(r) = 18*r + 68. Let b(m) = 12*m + 45. Let c(i) = 8*b(i) - 5*z(i). Let t be c(5). Calculate the highest common factor of t and 250.
50
Let o(s) = -2*s**2 - s + 4. Let t be o(2). Let a(n) = n**3 + 6*n**2 - 2*n - 1. Let c be a(t). What is the highest common factor of c and 77?
11
Let u = -22 + 34. Let d(s) = 2 - 14 - s + 8*s - 2*s. Let x be d(u). What is the highest common divisor of x and 6?
6
Let v(u) = 2*u + 5. Let o(a) = -a - 4. Let f(n) = -2*o(n) - 3*v(n). Let j be f(-3). Suppose j*y - 64 - 51 = 0. What is the greatest common factor of y and 253?
23
Let j be ((-20)/(4 - 0))/(-10 - -9). Calculate the greatest common divisor of 1470 and j.
5
Let q be (-77044)/(-272) - 6/(-8). Calculate the greatest common divisor of 4 and q.
4
Suppose -5*d = -3*d. Suppose 4 = -d*i + i. Suppose 2*z + 4*h - 24 = 0, -h - 2*h = -i*z + 70. What is the greatest common divisor of 40 and z?
8
Let l be 8998/11 - (-14)/2. Calculate the highest common factor of 132 and l.
33
Let x be 32/2 + 11 + -7. What is the highest common divisor of 92 and x?
4
Suppose y = 28 - 6. Suppose -3*o + 23 = -y. Let u = -11 + o. Calculate the highest common factor of 6 and u.
2
Let r(w) = -w**3 - 13*w**2 + 21*w + 1. Let y be r(-14). Let g = -42 - y. What is the highest common factor of 5 and g?
5
Let u = 0 - 5. Let g be (-7)/u + 4/(-10). Let o be (-7)/(273/6) + 54/13. Calculate the highest common factor of o and g.
1
Let j(v) = v**2 + 0*v + 0*v + 2 + 14*v**3 + v. Let c be j(2). Calculate the highest common divisor of 24 and c.
24
Let h(i) = 13*i**2 + 3. Let k be h(-2). Suppose 3*x - k = -2*x. Let c be -11*((-78)/12 - (-2)/(-4)). Calculate the greatest common divisor of x and c.
11
Suppose -29*j - 140 = -34*j. Let i = 14 + j. What is the highest common factor of i and 28?
14
Let l = -20 + 37. Suppose 22*d - l*d - 125 = 0. Calculate the greatest common factor of 10 and d.
5
Let r be (-75)/(-18) + ((-7)/(-6))/(-7). Let k(s) = -s + 7. Let b be k(3). Calculate the highest common factor of r and b.
4
Let u = 11 + -10. Let d = 4 - u. Let s be (2/d)/((-4)/(-54)). What is the highest common factor of 36 and s?
9
Suppose -m + 0 = -3. Let f = m - -15. Suppose -18*j + 4*a = -15*j - 424, -4*a + 584 = 4*j. What is the highest common divisor of j and f?
18
Let c(n) = -3*n + 6. Let z be c(-6). Suppose -5*p = 4*h - 6*p - 19, -3*p = -15. Calculate the greatest common factor of h and z.
6
Suppose -3*q = -4*q - 25. Let b be (-1)/(5/q) - -4. Let o = 6 + -3. What is the highest common factor of o and b?
3
Let w(a) = 9*a - 1. Let p be w(2). Let h = 50 - p. Suppose 4*x = 3*n + 76, 4*x + 5*n - 102 = 6. What is the greatest common divisor of h and x?
11
Suppose -3 = -5*d + 37. What is the greatest common factor of d and 4?
4
Suppose 0 = 2*p - 4*i - 14, -i - 4*i = 4*p - 2. Suppose -4*a = p*k - 7*k - 36, -a = 2*k - 15. Calculate the highest common divisor of a and 88.
11
Let w(k) = -2*k**3 - k**2 + 4*k - 1. Let b be w(-3). Let d = 48 - b. Let s = d + -6. Calculate the highest common divisor of 50 and s.
10
Let c = 158 + -100. What is the greatest common divisor of 145 and c?
29
Let r = -1048 + 1051. Calculate the greatest common divisor of r and 4.
1
Suppose 2*w - 14 = 3*w. Let g(i) = 3*i - 5. Let f be g(10). Let t = f + w. Calculate the highest common factor of 33 and t.
11
Suppose 3*q - 2*q = 9. Suppose 2*p + p - 6 = 0, b + 4*p = q. Calculate the greatest common divisor of b and 7.
1
Suppose -4*w = -2*q + 450, -3*w + 337 = -6*w + q. Let s be w/(-12) + 3/(-9). Calculate the highest common divisor of 72 and s.
9
Let b = -252 + 288. What is the highest common divisor of 24 and b?
12
Suppose -2*z - 5*d + 123 = 0, d = z + 6*d - 69. What is the highest common factor of z and 126?
18
Let h(q) = 115*q - 5. Let d be h(2). Suppose 4*m = m + d. What is the greatest common factor of 30 and m?
15
Suppose 7*b + 5*p = 2*b + 315, -182 = -3*b + 4*p. Let f be ((-31)/2)/(-5 - 245/(-50)). Calculate the greatest common factor of b and f.
31
Let q(z) = -192*z - 75. Let t be q(-5). Calculate the highest common divisor of t and 15.
15
Suppose 0 = b + 4*c - 157, -5*b - 2*c = 2*c - 769. Let w = -107 + b. What is the highest common factor of w and 23?
23
Let z be 3/15*178 - 6/(-15). Let u be (-2 - -2 - -20) + -2. What is the highest common factor of u and z?
18
Let w = 122 + -12. Suppose -5*k = 5*v - w, 3*k = -2*k - 25. Calculate the greatest common factor of 36 and v.
9
Suppose -2*l + 15 = 5*m, -2*l - 2*l = m - 21. Suppose -92 = -2*n + 2*k, -l*k - 22 = -2. What is the highest common factor of 378 and n?
42
Let h be 2/(-7) + 290/35. Suppose -3*f + 2*d = -98, 0 = 5*d - 8*d - 3. Calculate the highest common factor of h and f.
8
Suppose 6 = 3*i - 9. Suppose -5*d = 2*w - 4*w - 29, -3*d + 25 = -i*w. Let q be 180/3*d/10. Calculate the greatest common factor of q and 6.
6
Let k(u) = -u + 12. Let j(g) = 2*g**2 + 7*g - 9. Let c be j(-4). Let z be k(c). What is the greatest common divisor of z and 136?
17
Let o be (-2)/(-7) - (95/(-35) + -7). Let f = -10 - -50. What is the greatest common divisor of o and f?
10
Let x(n) = 47*n**2 + 13*n + 1. Let t(z) = 24*z**2 + 7*z. Let k(j) = -5*t(j) + 3*x(j). Let s be k(-1). Calculate the highest common factor of 30 and s.
10
Let v = 125 + -56. Suppose -5*d + 60 = -6*a + a, -4*d - 3*a + v = 0. What is the greatest common factor of d and 135?
15
Let p be ((-40)/15)/(1/15). Let l be p*((-24)/(-20))/3. Let a be (-2)/8 - 1924/l. What is the highest common factor of a and 15?
15
Let n be 2/(-5)*925/(-10). Let w = -3 + n. Calculate the greatest common factor of w and 51.
17
Suppose 3*n - 4*v - 90 = 2*n, -2*n = v - 180. Suppose 82 = 4*b - 6*o + o, 4*o - 10 = -b. Calculate the highest common divisor of n and b.
18
Let l(j) = -19*j**3 - j. Let u be ((-8)/(-12))/((-4)/6). Let r be l(u). Calculate the highest common divisor of r and 8.
4
Let c(x) = 52*x - 5. Suppose p = -p + 8. Let q be c(p). Suppose -3*f + 13 = -q. What is the highest common factor of 8 and f?
8
Suppose -l + d = -9, -4*d + 11 = -5*l + 53. Let u be 15/10*8/l*1. Suppose 2*n - 8 = 3*j, -n - 3 = -3*j - 1. What is the greatest common divisor of u and n?
2
Suppose -w = -4*v - 12, w + 3*v + 18 = 4*w. Calculate the greatest common factor of 5 and w.
1
Suppose -3*s + 2 + 19 = -3*a, 2*a = 5*s - 41. What is the greatest common divisor of 288 and s?
9
Suppose 0 = 4*l - 3*a - 52, -5*l = 2*a + 6 - 48. Let u = 20 + -10. What is the highest common factor of u and l?
10
Let o(b) = 44*b + 295. Let c be o(4). Calculate the highest common divisor of 6 and c.
3
Suppose 0 = -19*x + 8*x + 6006. Calculate the greatest common factor of 42 and x.
42
Let t be (-2)/(-8) + (-7)/28. Let m(u) = -u**2 - 2*u + 55. Let g be m(t). What is the highest common factor of 5 and g?
5
Suppose 3*d + 7*y + 16 = 2*y, 5*y = 5*d. Let q be (d - (-10)/6) + (-430)/(-30). What is the greatest common factor of 35 and q?
7
Suppose 0*p + 5*p = -3*w + 59, 0 = 2*w + 4*p - 40. What is the highest common factor of 30 and w?
6
Suppose 141020 = 46*h - 24948. Calculate the greatest common divis